{"id":748,"date":"2023-02-13T09:16:37","date_gmt":"2023-02-13T07:16:37","guid":{"rendered":"http:\/\/pirjosalo.net\/?page_id=748"},"modified":"2024-10-22T11:50:42","modified_gmt":"2024-10-22T09:50:42","slug":"pirjo","status":"publish","type":"page","link":"https:\/\/pirjosalo.net\/?page_id=748","title":{"rendered":"Pirjo"},"content":{"rendered":"\n<p>Liikunta ja liike on ollut el\u00e4m\u00e4ss\u00e4ni t\u00e4rke\u00e4\u00e4 ja suuri ilo.<\/p>\n\n\n\n<p>Vuosina 1984-1996 tein hierontoja,osteopaattista mobilisoivaa herontaa, triggerpistek\u00e4sittely\u00e4 ja hermoratahierontaa sek\u00e4 muita kehohoitoja. Ty\u00f6 opetti minua ja halusin ymm\u00e4rt\u00e4\u00e4 kehon j\u00e4nnityksi\u00e4 syvemmin. Kouluttauduin 1996-2001 Rosen-terapeutiksi ja se avasi paljon tietoisuuttani kehon viisaudesta. Tunteiden ja j\u00e4nnitysten v\u00e4lisest\u00e4 yhteydest\u00e4, hengityksest\u00e4 ja miten j\u00e4nnityksill\u00e4 on suora yhteys hengitystapaan. Ahdistuksen ja levottomuuden yhteytt\u00e4 j\u00e4nnityksiin ja kehotietoisuuteen.<\/p>\n\n\n\n<p>Nyt olen tehnyt yli 20 vuotta asiakasty\u00f6ss\u00e4 Rosen-kehoterapiaa ja koen sen innostavana ty\u00f6n\u00e4, koska siin\u00e4 voin kohdata asiakkaan kokonaisuutena, huomioiden fyysisen- ja henkisenpuolen sek\u00e4 tunne-el\u00e4m\u00e4n.<\/p>\n\n\n\n<p>Liikkeen yhdist\u00e4minen kehotietoisuuden laajentamiseen on kiehtonut erityisesti 1990-luvun loppu puolelta asti. Vuosina 2007-2011 kouluttauduin Essential motion-ohjaajaksi. T\u00e4m\u00e4 my\u00f6s on ollut merkitt\u00e4v\u00e4 koulutus omassa kasvussani. Vuodesta 2010 alkaen olen ohjannut essential motion-ryhm\u00e4tunteja sek\u00e4 tehnyt yksilohjauksia. Koen, ett\u00e4 kosketusterapia ja liiketerapia ovat hyvin linjassa toistensa kanssa.<\/p>\n\n\n\n<p>Vuodesta 2010 olen ohjannut ryhmi\u00e4 my\u00f6s kollegani Riitta Saarikon kanssa. Yhteisty\u00f6st\u00e4mme on kehittynyt Kotona kehossa-valmennus, joka kest\u00e4\u00e4 10 kuukautta. (tutustu kotona kehossa-valmennus osioon). Seuraava kotona kehossa-valmennus alkaa kev\u00e4\u00e4ll\u00e4 2025.<\/p>\n\n\n\n<p>Kotona kehossa-valmennuksen j\u00e4lkeen on mahdollisuus jatkokoulutukseen Kotona kehossa-valmentajaksi, jos haluat ohjata muita tai haluat ty\u00f6otteeseesi lis\u00e4\u00e4 kehotietoisuutta. (tutustu kotona kehossa-valmentaja osioon). <\/p>\n\n\n\n<p><\/p>\n","protected":false},"excerpt":{"rendered":"<p>Liikunta ja liike on ollut el\u00e4m\u00e4ss\u00e4ni t\u00e4rke\u00e4\u00e4 ja suuri ilo. Vuosina 1984-1996 tein hierontoja,osteopaattista mobilisoivaa herontaa, triggerpistek\u00e4sittely\u00e4 ja hermoratahierontaa sek\u00e4 muita kehohoitoja. Ty\u00f6 opetti minua ja halusin ymm\u00e4rt\u00e4\u00e4 kehon j\u00e4nnityksi\u00e4 &hellip; <\/p>\n","protected":false},"author":2,"featured_media":0,"parent":0,"menu_order":0,"comment_status":"closed","ping_status":"closed","template":"","meta":[],"_links":{"self":[{"href":"https:\/\/pirjosalo.net\/index.php?rest_route=\/wp\/v2\/pages\/748"}],"collection":[{"href":"https:\/\/pirjosalo.net\/index.php?rest_route=\/wp\/v2\/pages"}],"about":[{"href":"https:\/\/pirjosalo.net\/index.php?rest_route=\/wp\/v2\/types\/page"}],"author":[{"embeddable":true,"href":"https:\/\/pirjosalo.net\/index.php?rest_route=\/wp\/v2\/users\/2"}],"replies":[{"embeddable":true,"href":"https:\/\/pirjosalo.net\/index.php?rest_route=%2Fwp%2Fv2%2Fcomments&post=748"}],"version-history":[{"count":3,"href":"https:\/\/pirjosalo.net\/index.php?rest_route=\/wp\/v2\/pages\/748\/revisions"}],"predecessor-version":[{"id":852,"href":"https:\/\/pirjosalo.net\/index.php?rest_route=\/wp\/v2\/pages\/748\/revisions\/852"}],"wp:attachment":[{"href":"https:\/\/pirjosalo.net\/index.php?rest_route=%2Fwp%2Fv2%2Fmedia&parent=748"}],"curies":[{"name":"wp","href":"https:\/\/api.w.org\/{rel}","templated":true}]}}